97 prime?
True
Is 296314243 a composite number?
False
Is 68354291 composite?
False
Is 3497927 prime?
False
Is 3494609 a composite number?
False
Is 91466693 a prime number?
True
Is 17137103 a composite number?
False
Is 11488327 composite?
False
Is 1263793 a prime number?
True
Is 3027617 composite?
False
Is 55073633 a prime number?
True
Is 15696781 prime?
True
Is 102319807 a composite number?
True
Is 105598787 a prime number?
False
Is 7954243 a prime number?
False
Is 85290089 a prime number?
True
Is 617651 composite?
False
Is 447536113 prime?
True
Is 14412731 a composite number?
False
Is 46997293 a prime number?
False
Is 501706747 a prime number?
False
Is 64979 prime?
False
Is 11699507 a composite number?
False
Is 779547605 a prime number?
False
Is 402103 a prime number?
False
Is 3417997 a composite number?
True
Is 2472467 a composite number?
True
Is 110338573 a prime number?
False
Is 7359323 composite?
False
Is 7287563 composite?
False
Is 34908233 a composite number?
True
Is 459515303 a prime number?
False
Is 26525333 a prime number?
True
Is 401567 a prime number?
True
Is 1930517 a prime number?
True
Is 7731949 prime?
True
Is 378891607 prime?
True
Is 1046447 a composite number?
False
Is 12096827 a prime number?
False
Is 626155 prime?
False
Is 70373431 prime?
False
Is 1372157 a prime number?
False
Is 99165167 a prime number?
False
Is 10282009 a prime number?
True
Is 11570129 composite?
False
Is 3593561 a composite number?
True
Is 36889 prime?
False
Is 22763227 a prime number?
False
Is 296654739 a prime number?
False
Is 23088281 a prime number?
True
Is 215015 a composite number?
True
Is 6960683 a prime number?
True
Is 4510601 composite?
False
Is 21550827 a composite number?
True
Is 233771323 a composite number?
False
Is 119292463 a prime number?
True
Is 597019859 a composite number?
False
Is 4860269 a composite number?
False
Is 478561 a prime number?
False
Is 1778411 a prime number?
True
Is 5190839 prime?
True
Is 63101261 a composite number?
True
Is 72315237 composite?
True
Is 20025391 composite?
False
Is 21771427 a composite number?
False
Is 186103111 a prime number?
True
Is 100457783 a prime number?
True
Is 11064583 composite?
False
Is 201674141 composite?
True
Is 1469326 composite?
True
Is 13850279 composite?
True
Is 15156181 prime?
True
Is 2360167 prime?
True
Is 2733033 composite?
True
Is 18692819 a prime number?
True
Is 60242909 a prime number?
True
Is 702048569 composite?
False
Is 227623 a composite number?
True
Is 8062517 composite?
True
Is 102879641 a composite number?
True
Is 10856542 prime?
False
Is 131582863 prime?
True
Is 1399577 prime?
True
Is 11525123 prime?
False
Is 1114501 a prime number?
True
Is 16295723 composite?
True
Is 303594383 prime?
False
Is 1711153 a prime number?
True
Is 111383711 a composite number?
True
Is 59758495 a composite number?
True
Is 25359007 prime?
True
Is 225598181 a prime number?
False
Is 120750341 prime?
True
Is 2334818 prime?
False
Is 9835303 prime?
False
Is 426287 a composite number?
False
Is 57057971 composite?
True
Is 9140893 composite?
False
Is 9512709 a composite number?
True
Is 230161 composite?
True
Is 165585421 a composite number?
False
Is 2430829 composite?
False
Is 40476737 a prime number?
False
Is 523657 a composite number?
False
Is 1175981 prime?
True
Is 2448913 a prime number?
False
Is 1041155 a composite number?
True
Is 6008563 a prime number?
False
Is 22536259 a composite number?
False
Is 21429389 composite?
False
Is 5682473 a composite number?
True
Is 1308547 a composite number?
False
Is 9278809 composite?
False
Is 21171973 composite?
True
Is 7201031 prime?
True
Is 1689333365 a composite number?
True
Is 150724279 a composite number?
False
Is 5522849 composite?
True
Is 60933023 prime?
False
Is 11989022 composite?
True
Is 13282393 a composite number?
False
Is 287746093 a prime number?
False
Is 93922313 prime?
False
Is 385159 a composite number?
False
Is 165091469 composite?
True
Is 3933949 prime?
False
Is 15162041 a prime number?
False
Is 10134539 a prime number?
True
Is 60897049 prime?
False
Is 2236121 a prime number?
True
Is 193299851 a prime number?
False
Is 1226290271 a prime number?
True
Is 41968391 a composite number?
True
Is 3952243 composite?
False
Is 32429599 prime?
False
Is 57026 composite?
True
Is 13785413 prime?
False
Is 843382 prime?
False
Is 94117363 prime?
False
Is 193277 a prime number?
False
Is 318509 a composite number?
True
Is 28062817 prime?
True
Is 10221173 prime?
True
Is 328691399 a composite number?
False
Is 16320919 a composite number?
False
Is 16525514 a prime number?
False
Is 10134463 prime?
False
Is 2261503 composite?
False
Is 7498637 a composite number?
False
Is 47573301 a composite number?
True
Is 1366241 a prime number?
True
Is 79737719 composite?
False
Is 14812519 a composite number?
False
Is 1096673 a prime number?
True
Is 132400093 composite?
True
Is 27408223 a prime number?
False
Is 13741183 a composite number?
False
Is 53851879 prime?
True
Is 465941891 a prime number?
True
Is 19233277 composite?
True
Is 3392933 composite?
False
Is 2456639 a composite number?
False
Is 40133 a prime number?
False
Is 620219 composite?
True
Is 55702 composite?
True
Is 13686641 composite?
False
Is 5792077 composite?
True
Is 29808733 composite?
True
Is 1505311 composite?
False
Is 1914173 a composite number?
True
Is 1021846789 composite?
False
Is 3221467 a prime number?
False
Is 194297 a composite number?
True
Is 70704913 prime?
False
Is 1710509 prime?
False
Is 589920371 a prime number?
False
Is 107441521 a prime number?
False
Is 468676402 a composite number?
True
Is 11805791 a prime number?
True
Is 139578587 composite?
True
Is 6964343 a prime number?
True
Is 220433029 a composite number?
False
Is 52674515 prime?
False
Is 10037485 prime?
False
Is 492071 composite?
True
Is 38976839 composite?
True
Is 49826771 a composite number?
True
Is 7487261 prime?
True
Is 3586927 prime?
True
Is 1218225323 prime?
False
Is 85714813 composite?
True
Is 27310047 composite?
True
Is 70975717 composite?
False
Is 243547 a composite number?
True
Is 3008693 prime?
True
Is 10259243 prime?
False
Is 7205957 prime?
False
Is 9807607 a composite number?
True
Is 1061059 prime?
False
Is 866569 composite?
True
Is 3558635 a prime number?
False
Is 5068489 prime?
True
Is 9262927 a composite number?
True
Is 454613527 a composite number?
False
Is 4598063 composite?
False
Is 4687543 prime?
False
Is 184688429 composite?
False
Is 3758467 a composite number?
False
Is 195865613 a composite number?
False
Is 25475507 composite?
True
Is 269601077 a prime number?
False
Is 77479653 prime?
False
Is 40189249 prime?
True
Is 2842019 prime?
False
Is 152154347 composite?
False
Is 5744429 a prime number?
True
Is 22819681 composite?
False
Is 1644823 composite?
False
Is 4451527 a composite number?
False
Is 65716009 a composite number?
False
Is 7615901 a composite number?
True
Is 73088927 composite?
False
Is 26210953 a composite number?
False
Is 2450219 composite?
False
Is 14490323 prime?
True
Is 44291129 a composite number?
True
Is 17501447 prime?
True
Is 1041032153 a composite number?
True
Is 29508847 a prime number?
True
Is 23220111 a composite number?
True
Is 149229391 composite?
False
Is 307879489 composite?
False
Is 70070887 a composite number?
False
Is 440964397 composite?
False
Is 5885989 a composite number?
True
Is 2005873 a composite number?
False
Is 2339947 a prime number?
False
Is 10542641 prime?
True
Is 1580077 a prime number?
False
Is 1445762 a prime number?
False
Is 1408217 prime?
True
Is 17490691 prime?
True
Is 2600113 a composite number?
False
Is 46820089 prime?
True
Is 210466651 a prime number?
True
Is 1111829 prime?
False
Is 8582062 a prime number?
False
Is 600261919 prime?
True
Is 2828429 a prime number?
True
Is 5442823 prime?
False
Is 2781565 a composite number?
True
Is 44099585 prime?
False
Is 15453691 composite?
True
Is 45693937 prime?
False
Is 3292511 a composite number?
False
Is 22873073 composite?
False
Is 1062011 composite?
True
Is 189340579 a composite number?
False
Is 399198841 prime?
True
Is 30474557 a prime number?
False
Is 9107 composite?
True
Is 8990929 a prime number?
True
Is 203865223 composite?
False
Is 269623193 a composite number?
True
Is 3340453 prime?
True
Is 327556547 prime?
False
Is 1234417 a